{"id":883,"date":"2024-05-14T13:18:43","date_gmt":"2024-05-14T11:18:43","guid":{"rendered":"https:\/\/gallaghers.com.es\/?page_id=883"},"modified":"2024-05-24T13:46:16","modified_gmt":"2024-05-24T11:46:16","slug":"quienes-somos","status":"publish","type":"page","link":"https:\/\/gallaghers.com.es\/index.php\/quienes-somos\/","title":{"rendered":"Qui\u00e9nes Somos"},"content":{"rendered":"\n<div class=\"wp-block-columns is-layout-flex wp-container-core-columns-is-layout-7 wp-block-columns-is-layout-flex\">\n<div class=\"wp-block-column is-layout-flow wp-block-column-is-layout-flow\" style=\"flex-basis:100%\">\n<div class=\"wp-block-group is-layout-constrained wp-block-group-is-layout-constrained\" style=\"border-style:none;border-width:0px\">\n<p class=\"has-text-align-center has-background\" style=\"background-color:#0c140626;font-size:27px\"><strong>Qui\u00e9nes<\/strong> <strong>somos<\/strong><\/p>\n\n\n\n<div class=\"wp-block-columns has-background is-layout-flex wp-container-core-columns-is-layout-1 wp-block-columns-is-layout-flex\" style=\"background-color:#2e826012\">\n<div class=\"wp-block-column is-vertically-aligned-center is-layout-flow wp-block-column-is-layout-flow\" style=\"flex-basis:33.33%\">\n<figure class=\"wp-block-image aligncenter size-large is-resized\"><img loading=\"lazy\" decoding=\"async\" width=\"1024\" height=\"655\" src=\"https:\/\/gallaghers.com.es\/wp-content\/uploads\/2024\/04\/interior_Gallaghers-1024x655.jpg\" alt=\"\" class=\"wp-image-294\" style=\"object-fit:cover;width:350px;height:200px\" srcset=\"https:\/\/gallaghers.com.es\/wp-content\/uploads\/2024\/04\/interior_Gallaghers-1024x655.jpg 1024w, https:\/\/gallaghers.com.es\/wp-content\/uploads\/2024\/04\/interior_Gallaghers-300x192.jpg 300w, https:\/\/gallaghers.com.es\/wp-content\/uploads\/2024\/04\/interior_Gallaghers-768x491.jpg 768w, https:\/\/gallaghers.com.es\/wp-content\/uploads\/2024\/04\/interior_Gallaghers-50x32.jpg 50w, https:\/\/gallaghers.com.es\/wp-content\/uploads\/2024\/04\/interior_Gallaghers.jpg 1176w\" sizes=\"(max-width: 1024px) 100vw, 1024px\" \/><\/figure>\n<\/div>\n\n\n\n<div class=\"wp-block-column is-vertically-aligned-center is-layout-flow wp-block-column-is-layout-flow\" style=\"flex-basis:66.66%\">\n<p>En el coraz\u00f3n de <strong>La Zubia<\/strong>, se encuentra un tesoro gastron\u00f3mico con m\u00e1s de dos d\u00e9cadas de legado. Este establecimiento local no solo ofrece una exquisita variedad de viandas para todos los gustos, sino que tambi\u00e9n es un<strong> santuario para los amantes de la cerveza<\/strong>, con una selecci\u00f3n que abarca desde lo cl\u00e1sico hasta lo m\u00e1s exclusivo, con la emblem\u00e1tica cerveza <strong>Guinness <\/strong>como su estandarte.<\/p>\n\n\n\n<p>Sum\u00e9rgete en la atm\u00f3sfera encantadora de un aut\u00e9ntico pub irland\u00e9s del siglo XVII, donde cada detalle evoca la <strong>calidez y el encanto de la vieja Irlanda<\/strong>. Aqu\u00ed, la historia se entrelaza con la hospitalidad, creando un ambiente acogedor que invita a disfrutar de momentos inolvidables.<\/p>\n<\/div>\n<\/div>\n\n\n\n<div class=\"wp-block-columns has-background is-layout-flex wp-container-core-columns-is-layout-2 wp-block-columns-is-layout-flex\" style=\"background-color:#d0d5db1c\">\n<div class=\"wp-block-column is-vertically-aligned-center is-layout-flow wp-block-column-is-layout-flow\" style=\"flex-basis:66.66%\">\n<p>Con <strong>m\u00e1s de dos d\u00e9cadas de dedicaci\u00f3n y pasi\u00f3n<\/strong>, este lugar se ha convertido en un verdadero referente en nuestra zona. Personas de todas las edades lo eligen como su destino preferido para reunirse, celebrar y disfrutar de buena compa\u00f1\u00eda. Ya sea para una noche de risas entre amigos o una velada tranquila en familia, este establecimiento es el lugar perfecto para crear recuerdos duraderos y experiencias&nbsp;inolvidables.<\/p>\n<\/div>\n\n\n\n<div class=\"wp-block-column is-vertically-aligned-center is-layout-flow wp-block-column-is-layout-flow\" style=\"flex-basis:33.33%\">\n<figure class=\"wp-block-image aligncenter size-full is-resized\"><img loading=\"lazy\" decoding=\"async\" width=\"1381\" height=\"648\" src=\"https:\/\/gallaghers.com.es\/wp-content\/uploads\/2024\/04\/fachada_gallaghers.jpg\" alt=\"\" class=\"wp-image-269\" style=\"object-fit:cover;width:350px;height:200px\" srcset=\"https:\/\/gallaghers.com.es\/wp-content\/uploads\/2024\/04\/fachada_gallaghers.jpg 1381w, https:\/\/gallaghers.com.es\/wp-content\/uploads\/2024\/04\/fachada_gallaghers-300x141.jpg 300w, https:\/\/gallaghers.com.es\/wp-content\/uploads\/2024\/04\/fachada_gallaghers-1024x480.jpg 1024w, https:\/\/gallaghers.com.es\/wp-content\/uploads\/2024\/04\/fachada_gallaghers-768x360.jpg 768w, https:\/\/gallaghers.com.es\/wp-content\/uploads\/2024\/04\/fachada_gallaghers-50x23.jpg 50w\" sizes=\"(max-width: 1381px) 100vw, 1381px\" \/><\/figure>\n<\/div>\n<\/div>\n\n\n\n<div class=\"wp-block-columns has-background is-layout-flex wp-container-core-columns-is-layout-3 wp-block-columns-is-layout-flex\" style=\"background-color:#2e826012\">\n<div class=\"wp-block-column is-vertically-aligned-center is-layout-flow wp-block-column-is-layout-flow\" style=\"flex-basis:33.33%\">\n<figure class=\"wp-block-image aligncenter size-full is-resized\"><img loading=\"lazy\" decoding=\"async\" width=\"600\" height=\"321\" src=\"https:\/\/gallaghers.com.es\/wp-content\/uploads\/2024\/04\/2021-06-14.jpg\" alt=\"\" class=\"wp-image-295\" style=\"object-fit:cover;width:350px;height:200px\" srcset=\"https:\/\/gallaghers.com.es\/wp-content\/uploads\/2024\/04\/2021-06-14.jpg 600w, https:\/\/gallaghers.com.es\/wp-content\/uploads\/2024\/04\/2021-06-14-300x161.jpg 300w, https:\/\/gallaghers.com.es\/wp-content\/uploads\/2024\/04\/2021-06-14-50x27.jpg 50w\" sizes=\"(max-width: 600px) 100vw, 600px\" \/><\/figure>\n<\/div>\n\n\n\n<div class=\"wp-block-column is-vertically-aligned-center is-layout-flow wp-block-column-is-layout-flow\" style=\"flex-basis:66.66%\">\n<p>Enriqueciendo a\u00fan m\u00e1s su oferta, este negocio local no solo se destaca por su <strong>exquisita comida y su amplia selecci\u00f3n de cervezas<\/strong>, sino tambi\u00e9n por sus<strong> emocionantes fiestas tem\u00e1ticas<\/strong> que transportan a los clientes a diferentes \u00e9pocas y lugares del mundo. Desde vibrantes celebraciones de Oktoberfest hasta encantadoras noches de m\u00fasica celta, cada evento tem\u00e1tico es una oportunidad para sumergirse en nuevas experiencias y crear recuerdos inolvidables.<\/p>\n<\/div>\n<\/div>\n\n\n\n<div class=\"wp-block-columns has-background is-layout-flex wp-container-core-columns-is-layout-4 wp-block-columns-is-layout-flex\" style=\"background-color:#d0d5db1c\">\n<div class=\"wp-block-column is-vertically-aligned-center is-layout-flow wp-block-column-is-layout-flow\" style=\"flex-basis:66.66%\">\n<p>Adem\u00e1s, la atm\u00f3sfera se complementa con una cuidadosa selecci\u00f3n de m\u00fasica ambiental que crea el escenario perfecto para cada ocasi\u00f3n. Desde cl\u00e1sicos del rock hasta melod\u00edas tradicionales irlandesas, la banda sonora de este establecimiento es tan variada como su oferta gastron\u00f3mica, asegurando que cada visita sea una experiencia \u00fanica y emocionante. Es esta combinaci\u00f3n de deliciosa comida, excelente selecci\u00f3n de bebidas, fiestas tem\u00e1ticas emocionantes y buena m\u00fasica lo que hace que este negocio local sea verdaderamente \u00fanico y destacado&nbsp;en&nbsp;la&nbsp;zona.<\/p>\n<\/div>\n\n\n\n<div class=\"wp-block-column is-layout-flow wp-block-column-is-layout-flow\" style=\"flex-basis:33.33%\">\n<figure class=\"wp-block-image aligncenter size-full is-resized\"><img loading=\"lazy\" decoding=\"async\" width=\"600\" height=\"321\" src=\"https:\/\/gallaghers.com.es\/wp-content\/uploads\/2024\/04\/2_1.jpg\" alt=\"\" class=\"wp-image-223\" style=\"object-fit:cover;width:350px;height:200px\" srcset=\"https:\/\/gallaghers.com.es\/wp-content\/uploads\/2024\/04\/2_1.jpg 600w, https:\/\/gallaghers.com.es\/wp-content\/uploads\/2024\/04\/2_1-300x161.jpg 300w, https:\/\/gallaghers.com.es\/wp-content\/uploads\/2024\/04\/2_1-50x27.jpg 50w\" sizes=\"(max-width: 600px) 100vw, 600px\" \/><\/figure>\n<\/div>\n<\/div>\n\n\n\n<div class=\"wp-block-columns has-background is-layout-flex wp-container-core-columns-is-layout-5 wp-block-columns-is-layout-flex\" style=\"background-color:#2e826012\">\n<div class=\"wp-block-column is-vertically-aligned-center is-layout-flow wp-block-column-is-layout-flow\" style=\"flex-basis:33.33%\">\n<figure class=\"wp-block-image aligncenter size-full is-resized\"><img loading=\"lazy\" decoding=\"async\" width=\"600\" height=\"321\" src=\"https:\/\/gallaghers.com.es\/wp-content\/uploads\/2024\/04\/2_2.jpg\" alt=\"\" class=\"wp-image-224\" style=\"object-fit:cover;width:350px;height:200px\" srcset=\"https:\/\/gallaghers.com.es\/wp-content\/uploads\/2024\/04\/2_2.jpg 600w, https:\/\/gallaghers.com.es\/wp-content\/uploads\/2024\/04\/2_2-300x161.jpg 300w, https:\/\/gallaghers.com.es\/wp-content\/uploads\/2024\/04\/2_2-50x27.jpg 50w\" sizes=\"(max-width: 600px) 100vw, 600px\" \/><\/figure>\n<\/div>\n\n\n\n<div class=\"wp-block-column is-vertically-aligned-center is-layout-flow wp-block-column-is-layout-flow\" style=\"flex-basis:66.66%\">\n<p>Si hay algo de lo que los irlandeses se sienten orgullosos es de su cultura. \u00c9sta ha ido pasando de generaci\u00f3n en generaci\u00f3n sirvi\u00e9ndose de un catalizador: EL PUB.<\/p>\n\n\n\n<p>Cuando el 14 de marzo de 2003 dos Druidas de La Zubia mezclaron en la marmita un poco de decoraci\u00f3n ambiental, personal, agradable, buena comida y bebidas y una pizca de buena m\u00fasica celta crearon una magn\u00edfica p\u00f3cima:&nbsp;Gallager\u2019s Irish Tavern<\/p>\n<\/div>\n<\/div>\n\n\n\n<div class=\"wp-block-columns has-background is-layout-flex wp-container-core-columns-is-layout-6 wp-block-columns-is-layout-flex\" style=\"background-color:#d0d5db1c\">\n<div class=\"wp-block-column is-vertically-aligned-center is-layout-flow wp-block-column-is-layout-flow\" style=\"flex-basis:66.66%\">\n<p>Gallagher\u2019s es una preciosa&nbsp;taberna irlandesa. Nuestro objetivo es asegurar que cada cliente reciba un servicio cercano y profesional&nbsp;as\u00ed como una experiencia excepcional. Cualquiera que sea tu evento o celebraci\u00f3n, nosotros estamos aqu\u00ed para hacer ese d\u00eda especial y realmente memorable.<\/p>\n<\/div>\n\n\n\n<div class=\"wp-block-column is-layout-flow wp-block-column-is-layout-flow\" style=\"flex-basis:33.33%\">\n<figure class=\"wp-block-image aligncenter size-full is-resized\"><img loading=\"lazy\" decoding=\"async\" width=\"600\" height=\"321\" src=\"https:\/\/gallaghers.com.es\/wp-content\/uploads\/2024\/04\/2020-11-17.jpg\" alt=\"\" class=\"wp-image-296\" style=\"object-fit:cover;width:350px;height:200px\" srcset=\"https:\/\/gallaghers.com.es\/wp-content\/uploads\/2024\/04\/2020-11-17.jpg 600w, https:\/\/gallaghers.com.es\/wp-content\/uploads\/2024\/04\/2020-11-17-300x161.jpg 300w, https:\/\/gallaghers.com.es\/wp-content\/uploads\/2024\/04\/2020-11-17-50x27.jpg 50w\" sizes=\"(max-width: 600px) 100vw, 600px\" \/><\/figure>\n<\/div>\n<\/div>\n<\/div>\n<\/div>\n<\/div>\n","protected":false},"excerpt":{"rendered":"<p>Qui\u00e9nes somos En el coraz\u00f3n de La Zubia, se encuentra un tesoro gastron\u00f3mico con m\u00e1s de dos d\u00e9cadas de legado. Este establecimiento local no solo ofrece una exquisita variedad de viandas para todos los gustos, sino que tambi\u00e9n es un santuario para los amantes de la cerveza, con una selecci\u00f3n que abarca desde lo cl\u00e1sico [&hellip;]<\/p>\n","protected":false},"author":1,"featured_media":0,"parent":0,"menu_order":0,"comment_status":"closed","ping_status":"closed","template":"","meta":{"site-sidebar-layout":"default","site-content-layout":"","ast-site-content-layout":"","site-content-style":"default","site-sidebar-style":"default","ast-global-header-display":"","ast-banner-title-visibility":"","ast-main-header-display":"","ast-hfb-above-header-display":"","ast-hfb-below-header-display":"","ast-hfb-mobile-header-display":"","site-post-title":"","ast-breadcrumbs-content":"","ast-featured-img":"","footer-sml-layout":"","theme-transparent-header-meta":"","adv-header-id-meta":"","stick-header-meta":"","header-above-stick-meta":"","header-main-stick-meta":"","header-below-stick-meta":"","astra-migrate-meta-layouts":"default","ast-page-background-enabled":"default","ast-page-background-meta":{"desktop":{"background-color":"var(--ast-global-color-4)","background-image":"","background-repeat":"repeat","background-position":"center center","background-size":"auto","background-attachment":"scroll","background-type":"","background-media":"","overlay-type":"","overlay-color":"","overlay-opacity":"","overlay-gradient":""},"tablet":{"background-color":"","background-image":"","background-repeat":"repeat","background-position":"center center","background-size":"auto","background-attachment":"scroll","background-type":"","background-media":"","overlay-type":"","overlay-color":"","overlay-opacity":"","overlay-gradient":""},"mobile":{"background-color":"","background-image":"","background-repeat":"repeat","background-position":"center center","background-size":"auto","background-attachment":"scroll","background-type":"","background-media":"","overlay-type":"","overlay-color":"","overlay-opacity":"","overlay-gradient":""}},"ast-content-background-meta":{"desktop":{"background-color":"var(--ast-global-color-5)","background-image":"","background-repeat":"repeat","background-position":"center center","background-size":"auto","background-attachment":"scroll","background-type":"","background-media":"","overlay-type":"","overlay-color":"","overlay-opacity":"","overlay-gradient":""},"tablet":{"background-color":"var(--ast-global-color-5)","background-image":"","background-repeat":"repeat","background-position":"center center","background-size":"auto","background-attachment":"scroll","background-type":"","background-media":"","overlay-type":"","overlay-color":"","overlay-opacity":"","overlay-gradient":""},"mobile":{"background-color":"var(--ast-global-color-5)","background-image":"","background-repeat":"repeat","background-position":"center center","background-size":"auto","background-attachment":"scroll","background-type":"","background-media":"","overlay-type":"","overlay-color":"","overlay-opacity":"","overlay-gradient":""}},"ngg_post_thumbnail":0,"footnotes":""},"_links":{"self":[{"href":"https:\/\/gallaghers.com.es\/index.php\/wp-json\/wp\/v2\/pages\/883"}],"collection":[{"href":"https:\/\/gallaghers.com.es\/index.php\/wp-json\/wp\/v2\/pages"}],"about":[{"href":"https:\/\/gallaghers.com.es\/index.php\/wp-json\/wp\/v2\/types\/page"}],"author":[{"embeddable":true,"href":"https:\/\/gallaghers.com.es\/index.php\/wp-json\/wp\/v2\/users\/1"}],"replies":[{"embeddable":true,"href":"https:\/\/gallaghers.com.es\/index.php\/wp-json\/wp\/v2\/comments?post=883"}],"version-history":[{"count":6,"href":"https:\/\/gallaghers.com.es\/index.php\/wp-json\/wp\/v2\/pages\/883\/revisions"}],"predecessor-version":[{"id":1080,"href":"https:\/\/gallaghers.com.es\/index.php\/wp-json\/wp\/v2\/pages\/883\/revisions\/1080"}],"wp:attachment":[{"href":"https:\/\/gallaghers.com.es\/index.php\/wp-json\/wp\/v2\/media?parent=883"}],"curies":[{"name":"wp","href":"https:\/\/api.w.org\/{rel}","templated":true}]}}